
0
What is the hundreds digit of 26738074?
0
What is the units digit of 251201?
1
What is the hundreds digit of 1219896?
8
What is the units digit of 3965126?
6
What is the hundreds digit of 1219053?
0
What is the tens digit of 141821?
2
What is the ten thousands digit of 602778?
0
What is the hundred thousands digit of 3815644?
8
What is the hundred thousands digit of 191080?
1
What is the ten thousands digit of 296129?
9
What is the hundreds digit of 1001276?
2
What is the hundred thousands digit of 7260698?
2
What is the units digit of 7711104?
4
What is the millions digit of 3016477?
3
What is the thousands digit of 92662?
2
What is the tens digit of 148890?
9
What is the ten thousands digit of 8415063?
1
What is the hundred thousands digit of 249411?
2
What is the ten millions digit of 21474536?
2
What is the hundred thousands digit of 8028072?
0
What is the ten thousands digit of 5203281?
0
What is the thousands digit of 2772661?
2
What is the hundreds digit of 895293?
2
What is the hundred thousands digit of 178289?
1
What is the tens digit of 155916?
1
What is the hundred thousands digit of 624243?
6
What is the hundreds digit of 10355269?
2
What is the hundred thousands digit of 450202?
4
What is the ten thousands digit of 755392?
5
What is the units digit of 154931?
1
What is the ten thousands digit of 2290875?
9
What is the tens digit of 1539500?
0
What is the hundred thousands digit of 11702246?
7
What is the tens digit of 374928?
2
What is the hundred thousands digit of 14235031?
2
What is the tens digit of 1172843?
4
What is the ten thousands digit of 5612651?
1
What is the ten thousands digit of 205814?
0
What is the hundred thousands digit of 26904783?
9
What is the millions digit of 10298913?
0
What is the ten thousands digit of 1433050?
3
What is the units digit of 539509?
9
What is the hundreds digit of 13328558?
5
What is the tens digit of 20691?
9
What is the hundreds digit of 345083?
0
What is the hundred thousands digit of 345722?
3
What is the ten millions digit of 22726121?
2
What is the units digit of 14575024?
4
What is the units digit of 647425?
5
What is the millions digit of 3361737?
3
What is the thousands digit of 9368809?
8
What is the hundreds digit of 1094719?
7
What is the ten thousands digit of 361562?
6
What is the units digit of 6267131?
1
What is the units digit of 442860?
0
What is the units digit of 215120?
0
What is the hundred thousands digit of 1626943?
6
What is the ten thousands digit of 1495412?
9
What is the thousands digit of 242868?
2
What is the hundreds digit of 7921546?
5
What is the thousands digit of 325822?
5
What is the thousands digit of 96494?
6
What is the tens digit of 2903872?
7
What is the units digit of 2055312?
2
What is the units digit of 239630?
0
What is the hundreds digit of 13567705?
7
What is the millions digit of 13792497?
3
What is the thousands digit of 129510?
9
What is the millions digit of 2820775?
2
What is the hundreds digit of 7663616?
6
What is the hundreds digit of 288145?
1
What is the hundreds digit of 8812513?
5
What is the tens digit of 12937812?
1
What is the hundreds digit of 81790?
7
What is the tens digit of 662804?
0
What is the hundred thousands digit of 717619?
7
What is the tens digit of 793265?
6
What is the units digit of 897683?
3
What is the units digit of 5987403?
3
What is the millions digit of 3467906?
3
What is the millions digit of 18338213?
8
What is the millions digit of 2767026?
2
What is the units digit of 24510632?
2
What is the ten thousands digit of 310384?
1
What is the thousands digit of 5078964?
8
What is the thousands digit of 2094646?
4
What is the units digit of 652407?
7
What is the tens digit of 1870378?
7
What is the hundred thousands digit of 5872982?
8
What is the hundreds digit of 4263769?
7
What is the units digit of 905886?
6
What is the thousands digit of 42727?
2
What is the hundreds digit of 131391?
3
What is the thousands digit of 8731571?
1
What is the ten thousands digit of 174908?
7
What is the hundred thousands digit of 264875?
2
What is the units digit of 994274?
4
What is the thousands digit of 1283307?
3
What is the thousands digit of 529091?
9
What is the thousands digit of 2088093?
8
What is the millions digit of 3781272?
3
What is the ten thousands digit of 276262?
7
What is the ten thousands digit of 234962?
3
What is the hundreds digit of 89324?
3
What is the ten thousands digit of 1153533?
5
What is the tens digit of 213568?
6
What is the hundred thousands digit of 23792064?
7
What is the units digit of 138873?
3
What is the ten thousands digit of 819369?
1
What is the units digit of 235446?
6
What is the tens digit of 4451585?
8
What is the units digit of 622758?
8
What is the thousands digit of 45925?
5
What is the units digit of 14339527?
7
What is the hundred thousands digit of 885003?
8
What is the ten thousands digit of 27324395?
2
What is the hundreds digit of 4459483?
4
What is the thousands digit of 657118?
7
What is the tens digit of 1113380?
8
What is the thousands digit of 1785445?
5
What is the units digit of 496861?
1
What is the units digit of 230021?
1
What is the units digit of 18170658?
8
What is the thousands digit of 6462366?
2
What is the thousands digit of 23291?
3
What is the hundreds digit of 739948?
9
What is the hundreds digit of 3971633?
6
What is the hundreds digit of 91038?
0
What is the ten thousands digit of 16294356?
9
What is the ten thousands digit of 12809631?
0
What is the tens digit of 430054?
5
What is the ten thousands digit of 373212?
7
What is the units digit of 1203?
3
What is the units digit of 18034697?
7
What is the millions digit of 1252835?
1
What is the thousands digit of 538237?
8
What is the ten thousands digit of 582647?
8
What is the tens digit of 507928?
2
What is the thousands digit of 3435334?
5
What is the tens digit of 196766?
6
What is the thousands digit of 1072226?
2
What is the ten thousands digit of 558238?
5
What is the hundreds digit of 3976822?
8
What is the thousands digit of 2630480?
0
What is the hundreds digit of 706316?
3
What is the ten thousands digit of 539372?
3
What is the ten thousands digit of 4649705?
4
What is the thousands digit of 127462?
7
What is the ten millions digit of 28952365?
2
What is the hundreds digit of 3185178?
1
What is the thousands digit of 213072?
3
What is the units digit of 8254?
4
What is the ten thousands digit of 392514?
9
What is the tens digit of 592772?
7
What is the hundred thousands digit of 20879961?
8
What is the ten thousands digit of 8382507?
8
What is the units digit of 1818662?
2
What is the hundreds digit of 4749653?
6
What is the hundred thousands digit of 5727381?
7
What is the units digit of 4340052?
2
What is the ten thousands digit of 410669?
1
What is the thousands digit of 3824101?
4
What is the ten thousands digit of 122803?
2
What is the ten thousands digit of 336418?
3
What is the thousands digit of 7718859?
8
What is the thousands digit of 2085137?
5
What is the millions digit of 4175206?
4
What is the ten thousands digit of 1951657?
5
What is the tens digit of 9317165?
6
What is the thousands digit of 1781972?
1
What is the thousands digit of 1551094?
1
What is the units digit of 2379272?
2
What is the hundred thousands digit of 330132?
3
What is the ten thousands digit of 1100814?
0
What is the tens digit of 74423?
2
What is the hundred thousands digit of 6133986?
1
What is the units digit of 240443?
3
What is the hundred thousands digit of 637761?
6
What is the tens digit of 372603?
0
What is the millions digit of 24682810?
4
What is the hundreds digit of 273350?
3
What is the hundred thousands digit of 1237372?
2
What is the tens digit of 630411?
1
What is the hundred thousands digit of 221234?
2
What is the hundreds digit of 7754620?
6
What is the hundreds digit of 905098?
0
What is the tens digit of 118261?
6
What is the units digit of 22456355?
5
What is the hundreds digit of 1037524?
5
What is the tens digit of 303944?
4
What is the hundred thousands digit of 569929?
5
What is the thousands digit of 97077?
7
What is the tens digit of 550683?
8
What is the hundred thousands digit of 5429196?
4
What is the ten thousands digit of 1660875?
6
What is the hundred thousands 